11
Let g(z) = 206*z - 1317. What is g(14)?
1567
Let z(o) = -92556*o - 185096. Determine z(-2).
16
Let m(r) = -203*r - 6633. Give m(-32).
-137
Let s(x) = -x**2 - 19*x + 11282. Determine s(94).
660
Let l(k) = -50*k**3 - 188*k**2 + 52*k + 147. Determine l(-3).
-351
Let p(q) = 5*q**2 - 221*q - 1357. What is p(-6)?
149
Let x(j) = 5*j**2 - 11704*j - 70372. Determine x(-6).
32
Let w(h) = 110*h + 1290. Determine w(-13).
-140
Let t(v) = 353*v**2 - 2492*v + 79. What is t(7)?
-68
Let u(x) = 36*x**2 + 965*x - 966. Determine u(1).
35
Let q(o) = 18*o**2 - 204*o - 420. What is q(13)?
-30
Let h(s) = -343*s + 5472. Calculate h(20).
-1388
Let t(h) = -31*h - 592. Determine t(-32).
400
Let l(v) = -5021*v - 45231. Give l(-9).
-42
Let r(k) = 9567*k - 1291547. What is r(135)?
-2
Let z(s) = 10*s**2 - 1850*s + 71496. Give z(130).
-4
Let c(w) = 5667*w**2 - 96327*w - 46. Determine c(17).
158
Let c(n) = 2709*n - 27812. Give c(10).
-722
Let f(z) = 364*z**2 - 6069*z - 2029. Determine f(17).
-6
Let f(a) = 4*a**3 - 80*a**2 + 21*a - 108. What is f(20)?
312
Let j(k) = 12*k**3 + 946*k**2 + 947*k + 3. What is j(-1)?
-10
Let i(n) = -1570*n - 82918. Determine i(-52).
-1278
Let j(n) = -10530*n - 568625. Determine j(-54).
-5
Let z(h) = -h**3 - 82*h**2 - 489*h - 40101. What is z(-82)?
-3
Let m(a) = a**3 - 87*a**2 + 93*a - 785. Give m(86).
-183
Let f(g) = -3*g**3 - 154*g**2 + 504*g + 12693. What is f(-53)?
26
Let k(n) = -56*n**3 + 62*n**2 - 13*n + 14. Calculate k(1).
7
Let t(m) = -m**3 - 57*m**2 + 238*m + 7318. Determine t(-59).
238
Let n(c) = -c**3 - 3*c**2 + 38*c + 712. Determine n(-8).
728
Let b(c) = -c**3 + 204*c**2 + 826*c + 1261. What is b(208)?
13
Let q(a) = a**2 + 90*a + 146. Determine q(-54).
-1798
Let a(i) = -4014*i - 36005. Determine a(-9).
121
Let u(m) = m**3 + 148*m**2 - 447*m + 306. What is u(-151)?
-600
Let c(x) = x**3 - 82*x**2 + 3*x - 293. Give c(82).
-47
Let o(t) = -t**2 + 62*t + 436. Give o(-12).
-452
Let s(n) = -n**3 - 252*n**2 - 1193*n + 10555. What is s(-247)?
181
Let j(s) = s**3 + 3*s**2 - 353*s + 2195. Give j(9).
-10
Let r(t) = 2573*t + 42. What is r(1)?
2615
Let k(p) = -552507*p - 3867552. Determine k(-7).
-3
Let h(b) = 948*b - 9633. Determine h(15).
4587
Let u(x) = -17422*x - 958174. Calculate u(-55).
36
Let i(f) = -1837*f + 32888. Determine i(18).
-178
Let m(q) = -412*q**2 - 6620*q - 136. What is m(-16)?
312
Let v(l) = 2*l**3 - 33*l**2 + 144*l + 25. Give v(8).
89
Let h(n) = -23393*n + 1356790. Determine h(58).
-4
Let q(s) = -211*s + 18248. Give q(87).
-109
Let q(z) = 68*z - 15905. Give q(223).
-741
Let i(a) = -a**3 + 7*a**2 - 17*a - 104. What is i(10)?
-574
Let m(v) = -1009683*v - 1009691. Calculate m(-1).
-8
Let m(f) = f**3 + 125*f**2 - 203*f + 6432. Calculate m(-127).
-45
Let r(l) = -2122*l - 462698. What is r(-218)?
-102
Let o(b) = b**3 - 41*b**2 - 2463*b - 14982. Calculate o(76).
-10
Let j(y) = -6*y**3 + 32*y**2 + y - 18. Determine j(2).
64
Let z(d) = 2*d**3 - 9*d**2 + 183*d - 1300. What is z(7)?
226
Let t(d) = d**3 - 36*d**2 - 238*d + 2679. Give t(41).
1326
Let d(o) = 28797*o - 892700. Determine d(31).
7
Let u(g) = -g**2 + 3319*g + 43299. Calculate u(-13).
-17
Let i(w) = -257*w**2 - 22882*w - 770. Give i(-89).
31
Let j(l) = 13357*l - 667842. Give j(50).
8
Let b(d) = 420*d + 33911. Give b(-81).
-109
Let n(i) = i**3 - 104*i**2 + 341*i - 4076. What is n(101)?
-238
Let l(q) = -q**3 + 4*q**2 + 43*q + 102. Give l(10).
-68
Let a(r) = -48*r**3 + 3503*r**2 + 49*r + 1746. Give a(73).
-6
Let l(p) = -6*p**3 + 127*p**2 - 34*p + 319. Determine l(21).
46
Let a(i) = -2*i**2 - 405*i - 11804. Calculate a(-29).
-1741
Let s(t) = t**3 - 35*t**2 - 234*t - 489. Determine s(41).
3
Let g(v) = -v**3 - 157*v**2 + 17397*v - 701. Calculate g(-232).
-5
Let j(v) = 42039*v - 2564364. What is j(61)?
15
Let a(x) = x**3 + 30*x**2 - 1034*x + 9. Determine a(21).
786
Let n(i) = -i**2 + 42*i + 6275. Give n(-60).
155
Let x(w) = 4708*w**2 + 395476*w + 299. Calculate x(-84).
-37
Let n(z) = -1596*z + 22184. Give n(14).
-160
Let l(x) = 1375*x + 21998. Give l(-16).
-2
Let z(c) = -128*c + 934. Give z(2).
678
Let i(z) = -3*z**3 + 384*z**2 + 401*z + 516. Give i(129).
2322
Let g(w) = 59*w**2 + 3008*w + 13507. Determine g(-46).
-17
Let s(z) = 540*z**2 - 561*z + 4. What is s(1)?
-17
Let l(c) = c**3 + 330*c**2 + 1507*c - 38354. What is l(-325)?
-4
Let l(h) = -13*h**3 + 404*h**2 - 65*h + 1074. What is l(31)?
20
Let u(s) = -s**2 + 2039795*s + 14278638. What is u(-7)?
24
Let b(o) = -10942*o - 175126. Determine b(-16).
-54
Let i(u) = -1653*u - 1910. Calculate i(-1).
-257
Let c(u) = -3*u**2 - 495*u - 14261. What is c(-120)?
1939
Let b(t) = t**2 + 83*t - 1079. Give b(13).
169
Let b(g) = -15*g**2 + 4*g + 452. What is b(6)?
-64
Let k(j) = 2730*j - 79096. What is k(29)?
74
Let d(b) = 56*b**2 - 6357*b + 3242. Give d(113).
-35
Let k(x) = 13*x**2 - 1909*x + 11150. Give k(141).
434
Let r(y) = -45*y**2 + 170*y + 538. Calculate r(7).
-477
Let h(y) = -y**2 - 66*y - 738. Calculate h(-41).
287
Let d(m) = -221425*m + 8414145. Calculate d(38).
-5
Let p(s) = 2*s**3 - 67*s**2 - 1043*s + 299. Determine p(45).
-61
Let f(i) = -32909*i - 230354. What is f(-7)?
9
Let s(a) = -4554*a - 158877. Determine s(-35).
513
Let z(n) = 991*n - 6141. Calculate z(6).
-195
Let h(m) = -2*m**2 + 585*m - 5676. Give h(10).
-26
Let x(s) = 74*s**2 - 21*s + 52. What is x(4)?
1152
Let n(t) = -1083*t + 980. Give n(2).
-1186
Let t(y) = 9665*y + 87014. Calculate t(-9).
29
Let u(s) = 6*s**2 - 242*s - 324. Determine u(48).
1884
Let m(q) = q**3 + 52*q**2 - 1806*q - 91616. What is m(-54)?
76
Let q(l) = -2337*l - 2963315. Give q(-1268).
1
Let p(b) = -84*b**3 - 1514*b**2 - 33*b + 61. Determine p(-18).
7
Let b(d) = d**3 - 27*d**2 + 640*d - 21910. What is b(30)?
-10
Let s(y) = -5*y**3 - 1283*y**2 - 7031*y - 699. Give s(-251).
54
Let m(o) = 5*o - 2340. Calculate m(-2).
-2350
Let i(n) = -n**2 + 67225*n - 1008152. Calculate i(15).
-2
Let z(t) = -2*t**3 - 25*t**2 - 126*t + 47. Determine z(-8).
479
Let n(f) = -26*f**2 + 2070*f - 1921. Calculate n(78).
1355
Let t(q) = 2752*q - 178166. Calculate t(65).
714
Let m(d) = -1042*d - 2760. Calculate m(-3).
366
Let d(y) = y**2 - 50*y - 139. Give d(20).
-739
Let k(u) = -2*u**3 - 19*u**2 + 56*u + 319. Give k(-11).
66
Let s(q) = 1152*q + 3970. Determine s(-2).
1666
Let s(i) = 213*i**2 - 111*i - 144. What is s(1)?
-42
Let b(a) = 29*a - 487. Calculate b(9).
-226
Let i(y) = 2*y**2 - 248*y + 4577. What is i(85)?
-2053
Let v(s) = -2016*s + 117768. Determine v(58).
840
Let q(k) = -k**3 + 44*k**2 + 17*k - 48. What is q(0)?
-48
Let g(r) = -416*r**2 + 47848*r - 949. Calculate g(115).
-29
Let m(p) = -962835*p - 54881591. Give m(-57).
4
Let n(g) = 2*g**2 - 13668*g + 136477. Calculate n(10).
-3
Let b(i) = 24*i**2 - 731*i + 286. Calculate b(30).
-44
Let n(b) = -1894*b**3 - 7*b**2 + b + 4. What is n(1)?
-1896
Let q(t) = 13356*t + 41355. Determine q(-3).
1287
Let l(m) = m**3 + 313*m**2 + 4474*m + 86. What is l(-15)?
26
Let x(p) = -13756*p - 109444. Determine x(-8).
604
Let s(o) = 12*o**2 + 255*o + 962. Give s(-17).
95
Let p(x) = 5*x**2 + 2700*x - 61509. What is p(22)?
311
Let s(t) = -1732*t + 8858. What is s(3)?
3662
Let w(h) = 3*h**2 + 80*h + 67. Calculate w(-12).
-461
Let p(s) = 70*s + 1728. Give p(-25).
-22
Let r(b) = -2*b**2 + 38827*b - 2631019. Calculate r(68).
-31
Let h(r) = r**2 - 1507131*r + 54255426. Determine h(36).
6
Let h(y) = -y**3 - 25*y**2 - 878*y - 21969. Give h(-25).
-19
Let j(a) = 78*a**2 + 508*a - 16. Determine j(-8).
912
Let w(j) = 3*j**3 + 505*j**2 + 7036*j - 424. What is w(-153)?
-118
Let o(i) = 27*i**2 + 1337*i - 1366. What is o(1)?
-2
Let r(c) = 575961*c - 1727878. Determine r(3).
5
Let j(d) = 787283*d - 36215009. Calculate j(46).
9
Let o(k) = -230*k - 233. What is o(-1)?
-3
Let i(y) = 7*y**3 - 57*y**2 + 225*y - 278. Determine i(5).
297
Let l(v) = -v**3 + 131*v**2 - 151*v + 2422. Determine l(130).
-308
Let z(u) = -109*u**2 - 15418*u + 8486. Calculate z(-142).
-34
Let g(k) = 1594*k - 23204. What is g(14)?
-888
Let p(w) = -21379*w - 427554. Calculate p(-20).
26
Let a(o) = -266*o + 3631. Determine a(13).
173
Let t(j) = 19572*j + 998174. What is t(-51)?
2
Let b(l) = -3*l**3 - 131*l**2 + 43*l - 244. Calculate b(-44).
-200
Let k(m) = 155*m**2 + 732*m - 736. Determine k(1).
151
Let n(x) = 13*x**3 - 4445*x**2 - 345*x + 1008. 